en 276 is divided by 20.
16
What is the remainder when 3214 is divided by 48?
46
Calculate the remainder when 167 is divided by 106.
61
What is the remainder when 309 is divided by 152?
5
Calculate the remainder when 1333 is divided by 78.
7
What is the remainder when 43 is divided by 33?
10
What is the remainder when 781 is divided by 112?
109
Calculate the remainder when 46 is divided by 7.
4
Calculate the remainder when 712 is divided by 31.
30
Calculate the remainder when 229 is divided by 18.
13
Calculate the remainder when 1243 is divided by 68.
19
What is the remainder when 2110 is divided by 92?
86
Calculate the remainder when 220 is divided by 32.
28
Calculate the remainder when 1204 is divided by 75.
4
What is the remainder when 13117 is divided by 7?
6
What is the remainder when 5818 is divided by 112?
106
What is the remainder when 369 is divided by 24?
9
What is the remainder when 153 is divided by 31?
29
Calculate the remainder when 444 is divided by 32.
28
What is the remainder when 157 is divided by 65?
27
What is the remainder when 52 is divided by 24?
4
What is the remainder when 11147 is divided by 464?
11
What is the remainder when 273 is divided by 93?
87
Calculate the remainder when 83 is divided by 25.
8
What is the remainder when 577 is divided by 191?
4
Calculate the remainder when 8168 is divided by 43.
41
Calculate the remainder when 589 is divided by 291.
7
What is the remainder when 116 is divided by 49?
18
Calculate the remainder when 135 is divided by 47.
41
What is the remainder when 2610 is divided by 434?
6
Calculate the remainder when 1905 is divided by 21.
15
What is the remainder when 104 is divided by 8?
0
Calculate the remainder when 448 is divided by 220.
8
What is the remainder when 98 is divided by 71?
27
Calculate the remainder when 412 is divided by 407.
5
What is the remainder when 323 is divided by 20?
3
Calculate the remainder when 1874 is divided by 134.
132
What is the remainder when 237 is divided by 24?
21
What is the remainder when 116 is divided by 20?
16
Calculate the remainder when 100 is divided by 28.
16
What is the remainder when 11511 is divided by 101?
98
Calculate the remainder when 84 is divided by 48.
36
What is the remainder when 200 is divided by 52?
44
What is the remainder when 9323 is divided by 252?
251
Calculate the remainder when 241 is divided by 123.
118
What is the remainder when 634 is divided by 107?
99
Calculate the remainder when 893 is divided by 295.
8
Calculate the remainder when 117 is divided by 5.
2
What is the remainder when 1133 is divided by 344?
101
What is the remainder when 1090 is divided by 28?
26
Calculate the remainder when 117 is divided by 17.
15
What is the remainder when 302 is divided by 103?
96
Calculate the remainder when 669 is divided by 14.
11
What is the remainder when 90 is divided by 40?
10
Calculate the remainder when 1815 is divided by 182.
177
What is the remainder when 1937 is divided by 633?
38
Calculate the remainder when 308 is divided by 89.
41
Calculate the remainder when 51 is divided by 36.
15
What is the remainder when 665 is divided by 330?
5
Calculate the remainder when 142 is divided by 85.
57
What is the remainder when 268 is divided by 18?
16
What is the remainder when 141 is divided by 12?
9
Calculate the remainder when 725 is divided by 253.
219
What is the remainder when 1018 is divided by 251?
14
What is the remainder when 1382 is divided by 24?
14
Calculate the remainder when 4781 is divided by 46.
43
Calculate the remainder when 1125 is divided by 94.
91
What is the remainder when 618 is divided by 189?
51
What is the remainder when 7940 is divided by 11?
9
Calculate the remainder when 80 is divided by 19.
4
What is the remainder when 116 is divided by 11?
6
What is the remainder when 278 is divided by 26?
18
Calculate the remainder when 182 is divided by 47.
41
Calculate the remainder when 1746 is divided by 25.
21
Calculate the remainder when 154 is divided by 72.
10
What is the remainder when 375 is divided by 27?
24
Calculate the remainder when 1612 is divided by 85.
82
Calculate the remainder when 407 is divided by 112.
71
Calculate the remainder when 1266 is divided by 404.
54
What is the remainder when 112 is divided by 59?
53
Calculate the remainder when 218 is divided by 39.
23
Calculate the remainder when 1126 is divided by 77.
48
What is the remainder when 345 is divided by 27?
21
What is the remainder when 53 is divided by 11?
9
Calculate the remainder when 179 is divided by 4.
3
Calculate the remainder when 4739 is divided by 278.
13
Calculate the remainder when 602 is divided by 29.
22
Calculate the remainder when 73 is divided by 66.
7
Calculate the remainder when 3559 is divided by 25.
9
What is the remainder when 643 is divided by 93?
85
What is the remainder when 636 is divided by 18?
6
What is the remainder when 4751 is divided by 144?
143
Calculate the remainder when 177 is divided by 18.
15
What is the remainder when 2834 is divided by 25?
9
Calculate the remainder when 540 is divided by 46.
34
What is the remainder when 49 is divided by 22?
5
What is the remainder when 238 is divided by 53?
26
Calculate the remainder when 868 is divided by 58.
56
Calculate the remainder when 25459 is divided by 214.
207
Calculate the remainder when 21 is divided by 18.
3
What is the remainder when 98 is divided by 39?
20
What is the remainder when 381 is divided by 131?
119
Calculate the remainder when 824 is divided by 118.
116
What is the remainder when 71 is divided by 3?
2
Calculate the remainder when 47 is divided by 2.
1
Calculate the remainder when 1251 is divided by 33.
30
Calculate the remainder when 6068 is divided by 21.
20
Calculate the remainder when 2348 is divided by 98.
94
Calculate the remainder when 109 is divided by 25.
9
Calculate the remainder when 71 is divided by 36.
35
What is the remainder when 458 is divided by 36?
26
Calculate the remainder when 93 is divided by 42.
9
Calculate the remainder when 13 is divided by 5.
3
What is the remainder when 54 is divided by 15?
9
Calculate the remainder when 1225 is divided by 246.
241
What is the remainder when 225 is divided by 100?
25
What is the remainder when 6156 is divided by 308?
304
Calculate the remainder when 2744 is divided by 41.
38
Calculate the remainder when 2069 is divided by 411.
14
What is the remainder when 877 is divided by 438?
1
What is the remainder when 1527 is divided by 45?
42
What is the remainder when 166 is divided by 17?
13
Calculate the remainder when 1241 is divided by 69.
68
Calculate the remainder when 307 is divided by 170.
137
What is the remainder when 176 is divided by 10?
6
What is the remainder when 92 is divided by 12?
8
What is the remainder when 556 is divided by 9?
7
What is the remainder when 416 is divided by 22?
20
What is the remainder when 165 is divided by 19?
13
What is the remainder when 78 is divided by 5?
3
Calculate the remainder when 2892 is divided by 22.
10
Calculate the remainder when 433 is divided by 23.
19
What is the remainder when 70 is divided by 26?
18
What is the remainder when 87 is divided by 5?
2
What is the remainder when 1910 is divided by 74?
60
Calculate the remainder when 830 is divided by 16.
14
What is the remainder when 45 is divided by 10?
5
What is the remainder when 131 is divided by 20?
11
What is the remainder when 2017 is divided by 9?
1
What is the remainder when 127 is divided by 40?
7
What is the remainder when 5255 is divided by 7?
5
What is the remainder when 187 is divided by 27?
25
What is the remainder when 1830 is divided by 25?
5
Calculate the remainder when 1214 is divided by 240.
14
What is the remainder when 314 is divided by 7?
6
Calculate the remainder when 281 is divided by 73.
62
Calculate the remainder when 80 is divided by 17.
12
What is the remainder when 1280 is divided by 74?
22
Calculate the remainder when 304 is divided by 32.
16
Calculate the remainder when 3804 is divided by 27.
24
Calculate the remainder when 468 is divided by 119.
111
Calculate the remainder when 5517 is divided by 10.
7
Calculate the remainder when 504 is divided by 15.
9
Calculate the remainder when 2144 is divided by 2127.
17
What is the remainder when 59 is div